igit of j(7)?
7
Suppose -t = -x + 551, 0 = -7*x + 4*x - 2*t + 1633. What is the units digit of x?
7
Let c = 95 - 29. What is the tens digit of 1*-3 + -2 + c?
6
Let c(l) = l**2 - l + 21. What is the units digit of c(-4)?
1
What is the hundreds digit of (-47447)/(-85) + (2/(-10) - 0)?
5
What is the units digit of (40888/(-14))/(-2) + (-38)/133?
0
Let z = -72 - -74. What is the units digit of ((-82)/(-6))/(7/3 - z)?
1
What is the tens digit of (2*(-26556)/(-60))/(2/5)?
1
Let d(w) = -4*w - 5*w - w**3 - 11 + w - 10*w**2. Suppose 37 = 18*m + 217. What is the tens digit of d(m)?
6
Let t = 488 + -394. What is the units digit of t?
4
Let p(m) = -2*m - 3. Let z be p(-2). Let x be 5/10*(3 - z). Suppose 0 = -3*i + 8 + x. What is the units digit of i?
3
What is the units digit of (0 + -337)/(1 - 2)?
7
Let o(q) = 4*q - 4. Let p be o(5). Let b be (-1 - -4)*(-80)/(-48). Suppose x + 3*x - 62 = -2*v, v + b*x - p = 0. What is the tens digit of v?
4
Let y be 3*(-1 - (-24)/9). Suppose 5*m = y*d - 670, -d + 69 + 65 = -3*m. What is the tens digit of d?
3
Suppose -212 = -3*g + z + 217, -4*z - 580 = -4*g. Let w = -84 + g. What is the units digit of w?
8
Let a = -68 - -140. Let t = 134 - a. Suppose -i = i - t. What is the tens digit of i?
3
Let z = -481 - -683. What is the tens digit of z?
0
Let s(r) = 29*r**3 + 4*r**2 - 27*r + 46. What is the thousands digit of s(4)?
1
Let b be -3 + 1 + -2 - -299. Suppose -5*v = -165 - b. What is the tens digit of v?
9
Let a be (-2)/(8/6)*-6. Suppose -x = -3*c + a, 2*x + 3*x + 7 = -4*c. Suppose c + 74 = 4*n. What is the tens digit of n?
1
Let h = -102 - -184. Suppose -l = l + h. Let k = l + 63. What is the units digit of k?
2
Let u(k) = -10*k**2 - 2*k. Let t be u(1). Let c = -10 - t. What is the units digit of (2/c)/(8/168)?
1
Let g(u) be the third derivative of 0*u - 5*u**2 - 2/3*u**3 + 0 + 5/8*u**4. What is the tens digit of g(3)?
4
Suppose 28 = -2*o + 8. Let y = o + 16. What is the tens digit of 172/y + (-2)/3?
2
Let z = -109 - -3263. What is the thousands digit of z?
3
Let y(h) = -h**3 - 14*h**2 + 11*h - 26. What is the tens digit of y(-15)?
3
Let l(w) = -18*w - 24. Let j be l(-8). Let i = -9 + j. What is the hundreds digit of i?
1
Let j(s) = -s**3 - 6*s**2 + 4*s - 6. Let v be j(-7). Let h(x) = 2*x**2 - 10*x - 41. What is the units digit of h(v)?
9
Let j be (-16)/(-1) - (-33)/(-11). Let x(b) = -b**3 + 13*b**2 + 3. Let i be x(j). Suppose 18 = 2*t - 5*k, -t - i*k + 88 = 3*t. What is the tens digit of t?
1
Let d(p) = -p**3 + 5*p**2 + p - 5. Let j be d(5). Suppose 2*k = -3*n + 37, j = -3*n - 2*k + k + 41. What is the tens digit of n?
1
Suppose p + 1 = -2*r + 8, p = -1. Let i(t) = t**3 - 5*t**2 + 5*t. Let u be i(4). Suppose f = -u*y - 15, -3*f + r*y - 7*y - 9 = 0. What is the units digit of f?
1
Suppose 0 = -11*s + 8*s + j - 52, -54 = 3*s - 3*j. What is the tens digit of s/(-17) + 2*8?
1
Let p be ((-1)/(-3))/(2/276). Suppose 5*t - 2*t - p = 5*l, -3*t - 20 = l. Let b = l + 19. What is the units digit of b?
8
Suppose 9*b - 470 = -b. Let g = b + -21. What is the units digit of g?
6
Let d = 2020 - 344. What is the units digit of d?
6
Let k(x) = 36*x**3 + 2*x**2 - x - 2. Let n be k(-1). Let f = n - -26. What is the units digit of 4*11 + f/9?
3
Suppose 2*r + 3*r = 4*d + 153, 4*d = -r + 45. Let z = r - -15. What is the units digit of z?
8
Let k(v) = 9*v - 16. Let n be k(-7). Let j = n - -122. What is the units digit of j?
3
Let v be 4/(3 - 185/65). Let f = v - 26. Suppose 4*b + p - 11 = f, -7 = -b - p + 5*p. What is the units digit of b?
3
Let v(g) = 13*g**2 + 3*g. Let t be v(1). Suppose -4*i + t = 0, f - 928 = -3*f - 3*i. What is the hundreds digit of f?
2
Let b(w) = 2*w**2 - w - 3. What is the units digit of b(-4)?
3
Suppose -2*h = -2*g - 760, -3*g = 2*g - 5. What is the units digit of h?
1
Suppose 94 = l - 55. Suppose 3*s + 2*j = l, 0 = -3*s - 4*j + 80 + 77. What is the units digit of s?
7
Suppose -2 - 113 = -5*b. Suppose 4*c - 5 = 11, -p - 4*c + b = 0. What is the units digit of p?
7
Suppose 0 = 22*o - o - 20895. What is the units digit of o?
5
Let h be (-2)/((-12)/5 - -2). Suppose 0 = 2*m - p - 8, -3*m + 7 = p - h*p. Suppose -m*d + 3*t + 47 = -83, -t - 5 = 0. What is the tens digit of d?
2
What is the units digit of 216*1*(-42)/(-24)?
8
Suppose -5189 = -22*s - 877. What is the hundreds digit of s?
1
Let g = -10 + 13. Suppose -n = 4*z - 3*z + 4, 3*n - g*z = -24. Let a = 21 + n. What is the units digit of a?
5
Let r = 377 + 264. What is the tens digit of r?
4
Let d(c) = -c**3 + 23*c**2 + 37*c + 77. What is the hundreds digit of d(22)?
3
Let n(j) = 13*j**2 + 4*j + 3. Let i be n(-2). Let l(r) = r**2 + 30*r - 110. Let b be l(-33). Let o = i + b. What is the units digit of o?
6
Let k be 3/2 + (-81)/(-6). Suppose -13*g - 294 = -k*g. What is the tens digit of g?
4
Let x(s) = -s**2 - 13*s + 5. Let q be x(-13). What is the units digit of 347/q - 16/40?
9
Suppose -178*t + 166*t + 31956 = 0. What is the units digit of t?
3
Let t be -1 - (2 - 2) - -40. Let p = -9 - 14. Let h = t + p. What is the units digit of h?
6
Let n(j) = 8 + 33*j + 2*j**2 - 44*j + 0*j**2. What is the tens digit of n(10)?
9
Suppose 9 + 7 = 4*v. Let y(i) = -v*i**2 - 2*i - 9*i**3 + 0*i + 3*i**2 + i. What is the units digit of y(-1)?
9
Suppose -3*b - 7*g = -3*g - 5, 4*b - 7 = -5*g. Let m be 56/21 - (-1)/b. Suppose -2*w + m*w - 191 = -5*r, 16 = -4*w. What is the tens digit of r?
3
Suppose -5*z = 2*x - 13, -x - 3 + 2 = 0. Let c(g) = 3*g + 7. Let b be c(z). What is the tens digit of 22/(-6)*(-48)/b?
1
Suppose 1 = -z + 12. Let b(x) = 3*x + 9. Let o be b(z). Suppose 2*v = n - 2, -5*v + 18 = 4*n - o. What is the tens digit of n?
1
Let r(i) = 4 + 1345*i**2 - 2 + 4*i - 1334*i**2. What is the tens digit of r(3)?
1
Let x(w) = -w + 13*w**2 - 57*w**3 - 31*w**2 + 17*w**2. Let b be x(-1). Let s = b - 34. What is the units digit of s?
3
Let s(f) = f**2 + 19*f + 23. Let v be s(-18). Let h(z) = 5*z + 2. Let r be h(2). Suppose -r = -b - v. What is the units digit of b?
7
Suppose 10*l - 11275 = 3275. What is the hundreds digit of l?
4
Let t be 3/(-2*3/24). Let s = t - -15. Suppose r = 6*v - s*v - 12, r = -2*v + 13. What is the units digit of v?
5
What is the hundreds digit of 0 + (23*31 - 27/9)?
7
Let n be (-200)/(-16)*(-148)/(-5). Suppose 0 = 5*a - 2*t - 340, -n = -5*a - 2*t - 2*t. What is the tens digit of a?
7
Suppose -2*b + 2*z - 16 = 0, 12*z + 34 = -4*b + 17*z. What is the units digit of (b/10)/((-3)/825)?
5
Suppose 0 = -2*b + 3 + 3. Suppose 3*s = b*r + 123, 2*s - 3*r - 117 = -34. Let i = s - 20. What is the tens digit of i?
2
Suppose 257313 = 60*v + 693. What is the hundreds digit of v?
2
Let k(c) = 8*c - 20. Let m be k(6). Suppose -m*g - 950 = -33*g. What is the tens digit of g?
9
Suppose 3540 = -4*n + 14*n. What is the tens digit of n?
5
Suppose -361 = -2*d - d - 4*b, 0 = -2*b + 8. Let o = 297 - d. What is the tens digit of o?
8
Suppose -2*z + 5*s + 1871 = 0, z - 1329 = -s - 397. What is the hundreds digit of z?
9
Suppose 6*l + 174 = -48. Let k = l - -85. What is the units digit of k?
8
Let s be 24/(-2)*(-22)/(-33). Let g = -17 + -19. What is the units digit of (-12)/(-9)*g/s?
6
Let k be ((-126)/(-56))/(3/4). Suppose 5*f = 3*x + 281, 0*x + 6 = -k*x. What is the units digit of f?
5
Let x = -23 - -23. Suppose x = -3*i + 2*i + 108. What is the tens digit of i?
0
Let i = 453 - 412. What is the units digit of i?
1
Suppose 2*z - 10 = -4*t, -2*t + z = -3 + 8. Suppose t*i + 2*i = 60. What is the tens digit of i?
3
Let w = 945 - 429. Let b = -307 + w. What is the tens digit of b?
0
Let g(a) be the first derivative of -a**3/3 + 14*a**2 + 26*a + 24. What is the tens digit of g(14)?
2
Let x = 278 + -176. What is the units digit of x?
2
Let o = 292 + -451. Let j = o - -302. What is the units digit of j?
3
What is the thousands digit of 8/(-24)*12 - (-1 - 2384)?
2
Let t(c) = c**3 - 22*c**2 + 4*c - 6. What is the tens digit of t(22)?
8
Suppose 3*w = -6, -2*o = -0*o - 2*w + 82. Let f = 74 + o. What is the tens digit of f?
3
Suppose 0 = 18*c + 60 + 84. Let h(y) = -22*y - 20. What is the tens digit of h(c)?
5
Let n = -8 + 9. Let f be 2/(2/(-2)) + n. Let r = 13 + f. What is the units digit of r?
2
Suppose -i + 57 = 6. Let u = -14 + i. Let k = u + -21. What is the tens digit of k?
1
Suppose 5*l - 2*r - 1885 